2
What is the remainder when 96617 is divided by 129?
125
Calculate the remainder when 79611 is divided by 200.
11
Calculate the remainder when 2737 is divided by 907.
16
What is the remainder when 145 is divided by 101?
44
What is the remainder when 22656 is divided by 3208?
200
What is the remainder when 1503 is divided by 324?
207
What is the remainder when 480616 is divided by 2685?
1
What is the remainder when 18509 is divided by 562?
525
What is the remainder when 23155 is divided by 5?
0
Calculate the remainder when 13848686 is divided by 29.
26
Calculate the remainder when 12193 is divided by 40.
33
Calculate the remainder when 3354 is divided by 1607.
140
Calculate the remainder when 346 is divided by 2.
0
What is the remainder when 77681 is divided by 152?
9
What is the remainder when 257972 is divided by 64491?
8
Calculate the remainder when 2027 is divided by 600.
227
What is the remainder when 1121 is divided by 657?
464
Calculate the remainder when 1573 is divided by 67.
32
Calculate the remainder when 3970 is divided by 214.
118
Calculate the remainder when 2356 is divided by 188.
100
Calculate the remainder when 485159 is divided by 34.
13
What is the remainder when 1852 is divided by 206?
204
What is the remainder when 84128 is divided by 287?
37
Calculate the remainder when 99879 is divided by 1692.
51
Calculate the remainder when 5223 is divided by 19.
17
Calculate the remainder when 15284 is divided by 7599.
86
Calculate the remainder when 12196 is divided by 342.
226
What is the remainder when 2807 is divided by 171?
71
What is the remainder when 3506 is divided by 19?
10
What is the remainder when 16683 is divided by 793?
30
Calculate the remainder when 278910 is divided by 17431.
14
Calculate the remainder when 11849 is divided by 24.
17
Calculate the remainder when 5831 is divided by 693.
287
What is the remainder when 40167 is divided by 15?
12
Calculate the remainder when 4266 is divided by 3631.
635
What is the remainder when 119853 is divided by 18?
9
Calculate the remainder when 18582 is divided by 117.
96
What is the remainder when 19376214 is divided by 1113?
1110
What is the remainder when 494587 is divided by 966?
961
What is the remainder when 37310 is divided by 24?
14
Calculate the remainder when 4532 is divided by 1487.
71
Calculate the remainder when 3582 is divided by 112.
110
Calculate the remainder when 23174 is divided by 156.
86
Calculate the remainder when 53684 is divided by 12.
8
What is the remainder when 48579 is divided by 1187?
1099
What is the remainder when 84397 is divided by 292?
9
What is the remainder when 1210 is divided by 98?
34
What is the remainder when 13132 is divided by 1608?
268
What is the remainder when 497 is divided by 14?
7
Calculate the remainder when 360561 is divided by 105.
96
Calculate the remainder when 2446 is divided by 88.
70
What is the remainder when 2472 is divided by 135?
42
What is the remainder when 39198 is divided by 639?
219
Calculate the remainder when 143048 is divided by 13.
9
Calculate the remainder when 5637 is divided by 126.
93
Calculate the remainder when 383 is divided by 267.
116
What is the remainder when 776 is divided by 346?
84
Calculate the remainder when 5383 is divided by 15.
13
Calculate the remainder when 8127 is divided by 4059.
9
Calculate the remainder when 5940765 is divided by 38.
35
Calculate the remainder when 86652 is divided by 17323.
37
What is the remainder when 2991 is divided by 990?
21
Calculate the remainder when 485638 is divided by 228.
226
What is the remainder when 809945 is divided by 34?
31
What is the remainder when 282 is divided by 260?
22
Calculate the remainder when 177086 is divided by 88539.
8
Calculate the remainder when 2127 is divided by 99.
48
Calculate the remainder when 87527 is divided by 1308.
1199
Calculate the remainder when 2449 is divided by 874.
701
What is the remainder when 230360 is divided by 43?
9
Calculate the remainder when 56272 is divided by 1563.
4
What is the remainder when 406126 is divided by 9025?
1
Calculate the remainder when 12115 is divided by 102.
79
What is the remainder when 1465 is divided by 334?
129
Calculate the remainder when 28107 is divided by 48.
27
Calculate the remainder when 107346 is divided by 568.
562
Calculate the remainder when 5449 is divided by 5442.
7
Calculate the remainder when 55708 is divided by 15.
13
What is the remainder when 18735 is divided by 1101?
18
Calculate the remainder when 2403 is divided by 383.
105
What is the remainder when 174923 is divided by 12?
11
What is the remainder when 2177 is divided by 542?
9
Calculate the remainder when 29282 is divided by 227.
226
What is the remainder when 7606 is divided by 760?
6
Calculate the remainder when 53662 is divided by 39.
37
Calculate the remainder when 518515 is divided by 153.
151
Calculate the remainder when 446676 is divided by 198.
186
What is the remainder when 26189 is divided by 922?
373
What is the remainder when 115444 is divided by 171?
19
Calculate the remainder when 26991 is divided by 45.
36
Calculate the remainder when 27406 is divided by 3872.
302
What is the remainder when 1244780 is divided by 10?
0
Calculate the remainder when 43404 is divided by 13.
10
What is the remainder when 6535 is divided by 2164?
43
Calculate the remainder when 6852 is divided by 873.
741
What is the remainder when 47264 is divided by 1478?
1446
What is the remainder when 87813 is divided by 83?
82
What is the remainder when 564444 is divided by 5?
4
Calculate the remainder when 19163 is divided by 6386.
5
What is the remainder when 69783 is divided by 6343?
10
What is the remainder when 4614 is divided by 4245?
369
Calculate the remainder when 2819 is divided by 34.
31
What is the remainder when 67342 is divided by 368?
366
Calculate the remainder when 25305 is divided by 12639.
27
What is the remainder when 10206 is divided by 5010?
186
What is the remainder when 133661 is divided by 335?
331
Calculate the remainder when 31179 is divided by 231.
225
What is the remainder when 12682 is divided by 219?
199
Calculate the remainder when 16372 is divided by 316.
256
Calculate the remainder when 54635 is divided by 17.
14
What is the remainder when 69299 is divided by 225?
224
Calculate the remainder when 11853 is divided by 457.
428
What is the remainder when 335775 is divided by 23?
21
What is the remainder when 6073 is divided by 1578?
1339
What is the remainder when 581006 is divided by 1070?
1066
What is the remainder when 551763 is divided by 605?
3
Calculate the remainder when 104000 is divided by 581.
1
What is the remainder when 296551 is divided by 27?
10
Calculate the remainder when 8663 is divided by 579.
557
What is the remainder when 9285 is divided by 2138?
733
What is the remainder when 92247 is divided by 615?
612
What is the remainder when 4813 is divided by 353?
224
What is the remainder when 33049 is divided by 5?
4
Calculate the remainder when 73829 is divided by 911.
38
What is the remainder when 2507 is divided by 223?
54
What is the remainder when 28409 is divided by 14179?
51
What is the remainder when 94086 is divided by 120?
6
Calculate the remainder when 24701 is divided by 31.
25
Calculate the remainder when 3536 is divided by 155.
126
What is the remainder when 223070 is divided by 223068?
2
Calculate the remainder when 3743441 is divided by 543.
542
Calculate the remainder when 22336 is divided by 39.
28
What is the remainder when 292282 is divided by 49?
46
What is the remainder when 721 is divided by 356?
9
What is the remainder when 15840 is divided by 5266?
42
What is the remainder when 296938 is divided by 245?
243
What is the remainder when 62338 is divided by 60?
58
What is the remainder when 41292 is divided by 72?
36
Calculate the remainder when 5332 is divided by 536.
508
What is the remainder when 6505 is divided by 1298?
15
What is the remainder when 147372 is divided by 36841?
8
What is the remainder when 8761 is divided by 350?
11
What is the remainder when 18574 is divided by 441?
52
What is the remainder when 133118 is divided by 9?
8
Calculate the remainder when 2668 is divided by 41.
3
What is the remainder when 25195 is divided by 233?
31
What is the rem